02.
2, 3, 17, 389
What are the prime factors of 236248?
2, 29531
List the prime factors of 3210151.
7, 458593
List the prime factors of 455554.
2, 11, 20707
What are the prime factors of 241484?
2, 73, 827
What are the prime factors of 28427393?
131, 217003
List the prime factors of 1435934.
2, 717967
What are the prime factors of 368467?
11, 19, 41, 43
What are the prime factors of 1033734?
2, 3, 13, 29, 457
What are the prime factors of 24488?
2, 3061
What are the prime factors of 7389656?
2, 31, 83, 359
What are the prime factors of 1539560?
2, 5, 11, 3499
List the prime factors of 526851.
3, 13, 19, 79
List the prime factors of 430927.
7, 61561
What are the prime factors of 1158198?
2, 3, 137, 1409
What are the prime factors of 1210311?
3, 89, 1511
List the prime factors of 6415786.
2, 13, 29, 67, 127
What are the prime factors of 660755?
5, 132151
What are the prime factors of 3889170?
2, 3, 5, 79, 547
List the prime factors of 546121.
739
What are the prime factors of 58482?
2, 3, 19
What are the prime factors of 1968168?
2, 3, 82007
What are the prime factors of 16753206?
2, 3, 31, 90071
What are the prime factors of 610037?
313, 1949
List the prime factors of 2534963.
31, 81773
List the prime factors of 7929491.
7929491
List the prime factors of 545.
5, 109
What are the prime factors of 81327?
3, 27109
List the prime factors of 175778.
2, 179, 491
List the prime factors of 4451975.
5, 11, 16189
What are the prime factors of 802480?
2, 5, 7, 1433
What are the prime factors of 3761680?
2, 5, 13, 3617
List the prime factors of 350206.
2, 175103
List the prime factors of 4800775.
5, 7, 3919
What are the prime factors of 948110?
2, 5, 94811
List the prime factors of 260533.
7, 13, 409
What are the prime factors of 619793?
619793
List the prime factors of 3840517.
23, 166979
List the prime factors of 925685.
5, 185137
What are the prime factors of 225804?
2, 3, 31, 607
List the prime factors of 23967610.
2, 5, 23, 104207
What are the prime factors of 158002?
2, 13, 59, 103
What are the prime factors of 12456700?
2, 5, 124567
What are the prime factors of 1715866?
2, 313, 2741
What are the prime factors of 9851166?
2, 3, 13, 14033
List the prime factors of 136774.
2, 11, 6217
List the prime factors of 1566461.
13, 23, 31
What are the prime factors of 1246179?
3, 11, 3433
List the prime factors of 149557.
347, 431
What are the prime factors of 6797700?
2, 3, 5, 7, 13, 83
List the prime factors of 6180.
2, 3, 5, 103
List the prime factors of 319380.
2, 3, 5, 5323
What are the prime factors of 2113587?
3, 7, 53, 211
What are the prime factors of 2539958?
2, 19, 66841
List the prime factors of 16173684.
2, 3, 449269
List the prime factors of 190418.
2, 19, 5011
What are the prime factors of 83844?
2, 3, 17, 137
List the prime factors of 426063.
3, 11, 12911
What are the prime factors of 241632?
2, 3, 839
List the prime factors of 65540.
2, 5, 29, 113
List the prime factors of 702000.
2, 3, 5, 13
What are the prime factors of 352556?
2, 53, 1663
What are the prime factors of 6211898?
2, 7, 11, 19, 193
List the prime factors of 460077.
3, 153359
List the prime factors of 2840824.
2, 7, 7247
What are the prime factors of 4010033?
29, 53, 2609
List the prime factors of 1564.
2, 17, 23
What are the prime factors of 20765898?
2, 3, 19, 60719
List the prime factors of 662459.
7, 101, 937
What are the prime factors of 1964381?
1964381
List the prime factors of 8938092.
2, 3, 89, 8369
What are the prime factors of 1332119?
1332119
What are the prime factors of 11738260?
2, 5, 193, 3041
List the prime factors of 271026.
2, 3, 7, 239
List the prime factors of 504592.
2, 11, 47, 61
What are the prime factors of 540799?
7, 23, 3359
List the prime factors of 7420487.
409, 18143
What are the prime factors of 271098?
2, 3, 15061
List the prime factors of 366367.
17, 23, 937
List the prime factors of 4607965.
5, 887, 1039
What are the prime factors of 2100438?
2, 3, 97, 401
List the prime factors of 304518.
2, 3, 50753
What are the prime factors of 89218?
2, 31, 1439
What are the prime factors of 1043976?
2, 3, 43499
List the prime factors of 426841.
426841
What are the prime factors of 771585?
3, 5, 51439
What are the prime factors of 5019778?
2, 89, 28201
What are the prime factors of 2754956?
2, 199, 3461
What are the prime factors of 338628?
2, 3, 28219
What are the prime factors of 711540?
2, 3, 5, 59, 67
What are the prime factors of 215488?
2, 7, 13, 37
List the prime factors of 542760.
2, 3, 5, 4523
List the prime factors of 17039934.
2, 3, 946663
List the prime factors of 3923293.
11, 356663
List the prime factors of 1195908.
2, 3, 7, 23, 619
List the prime factors of 3786564.
2, 3, 315547
List the prime factors of 613404.
2, 3, 11, 1549
List the prime factors of 167123.
11, 15193
List the prime factors of 1325477.
53, 89, 281
List the prime factors of 14598176.
2, 456193
List the prime factors of 306346.
2, 47, 3259
List the prime factors of 8114389.
17, 477317
List the prime factors of 666400.
2, 5, 7, 17
List the prime factors of 223853.
7, 113, 283
List the prime factors of 2631598.
2, 83, 191
List the prime factors of 30027.
3, 10009
List the prime factors of 1439511.
3, 43, 11159
What are the prime factors of 5973553?
5973553
What are the prime factors of 531298?
2, 211, 1259
What are the prime factors of 181496?
2, 7, 463
What are the prime factors of 225769?
225769
List the prime factors of 8155976.
2, 31, 32887
What are the prime factors of 2640824?
2, 330103
What are the prime factors of 138340?
2, 5, 6917
What are the prime factors of 253306?
2, 126653
What are the prime factors of 3927628?
2, 673, 1459
List the prime factors of 74654.
2, 163, 229
List the prime factors of 3901768.
2, 13, 37517
What are the prime factors of 701329?
701329
What are the prime factors of 235185?
3, 5, 15679
What are the prime factors of 19053096?
2, 3, 31, 25609
List the prime factors of 1294986.
2, 3, 7, 11, 2803
What are the prime factors of 66341?
11, 37, 163
List the prime factors of 231397.
149, 1553
List the prime factors of 3109195.
5, 113, 5503
List the prime factors of 1002217.
73, 13729
What are the prime factors of 327437?
11, 17, 103
List the prime factors of 11950926.
2, 3, 13, 37, 41, 101
What are the prime factors of 108961?
108961
List the prime factors of 2419174.
2, 1209587
What are the prime factors of 4959264?
2, 3, 51659
List the prime factors of 227755.
5, 11, 41, 101
List the prime factors of 1816454.
2, 227, 4001
What are the prime factors of 27258538?
2, 103, 113, 1171
List the prime factors of 22530012.
2, 3, 1877501
List the prime factors of 836272.
2, 52267
What are the prime factors of 16286403?
3, 7, 79, 9817
What are the prime factors of 1098817?
439, 2503
What are the prime factors of 246753?
3, 13, 19, 37
What are the prime factors of 840080?
2, 5, 10501
List the prime factors of 2178318.
2, 3, 439, 827
What are the prime factors of 307372?
2, 13, 23, 257
What are the prime factors of 198255?
3, 5, 13217
What are the prime factors of 6060229?
7, 865747
What are the prime factors of 2034899?
61, 33359
List the prime factors of 1600398.
2, 3, 37, 89
What are the prime factors of 87095?
5, 17419
What are the prime factors of 1410118?
2, 53, 251
List the prime factors of 11718835.
5, 2343767
What are the prime factors of 1940479?
1940479
What are the prime factors of 7112700?
2, 3, 5, 7, 1129
What are the prime factors of 2233554?
2, 3, 191, 1949
List the prime factors of 384712.
2, 19, 2531
What are the prime factors of 1313072?
2, 82067
List the prime factors of 445850.
2, 5, 37, 241
What are the prime factors of 154071?
3, 17, 19, 53
List the prime factors of 271268.
2, 73, 929
What are the prime factors of 881231?
13, 53, 1279
List the prime factors of 616998.
2, 3, 17, 23, 263
List the prime factors of 62352.
2, 3, 433
List the prime factors of 101101.
7, 11, 13, 101
What are the prime factors of 173666?
2, 71, 1223
What are the prime factors of 9680250?
2, 3, 5, 12907
What are the prime factors of 704706?
2, 3, 67, 1753
What are the prime factors of 7314662?
2, 3657331
List the prime factors of 12902065.
5, 11, 17, 13799
What are the prime factors of 109269?
3, 19, 71
What are the prime factors of 10109706?
2, 3, 1684951
Li